s divided by t.
1
Let w = -7 - -11. Suppose w*o = 2*o + 52. Calculate the remainder when o is divided by 7.
5
Let l(t) = t - 5. Let v be l(4). Let p = v + 11. Suppose 5*x - 8 - 77 = 0. Calculate the remainder when x is divided by p.
7
Let z(g) = g**3 - 3*g**2 + 3*g - 2. Let o be z(2). Suppose o = -d - 2*d + 138. What is the remainder when d is divided by 16?
14
Suppose 2*r - 4*d = -12, -4*d = -3*r + d - 13. Let k(u) = -u**2 + 3*u. Let o be k(2). What is the remainder when 141/r - o/8 is divided by 12?
11
Let d(h) = h**2 - 16*h + 9. Let o = -16 + 31. Calculate the remainder when o is divided by d(16).
6
Let l = -15 + 33. Calculate the remainder when 124 is divided by l.
16
Let t = -46 - -85. What is the remainder when 113 is divided by t?
35
What is the remainder when 327 is divided by ((-33)/2)/(40/(-160))?
63
Suppose -5*w - 20 = -7*w. Let x(b) = b. Let r(g) = -5*g - 4. Let k(q) = -r(q) + x(q). Calculate the remainder when k(4) is divided by w.
8
Suppose -8 = 4*u - 36. What is the remainder when 11 is divided by u?
4
Suppose 5*s + 5 = -20, 5*j = s + 25. What is the remainder when 7 is divided by j?
3
Let d(r) be the first derivative of -r**3/3 + 4*r**2 + 11*r + 3. Calculate the remainder when 31 is divided by d(8).
9
Let z = 137 - 96. What is the remainder when 161 is divided by z?
38
Let w = -19 - -61. Suppose -2*a = -0*a - w. Suppose 8*p - 6*p - 12 = 0. Calculate the remainder when a is divided by p.
3
Let x = 117 - 80. What is the remainder when 145 is divided by x?
34
Suppose 5*l = -3*l + 64. What is the remainder when 70 is divided by l?
6
Suppose -5*g - m = -139, -g + 4*m + 0*m = -32. Suppose 3*t - 68 = d + 258, -2*t + 224 = d. Calculate the remainder when t is divided by g.
26
Suppose q = 3*q - 10, r - 3*q + 5 = 0. Calculate the remainder when 57 is divided by (-62)/(-4) + (-5)/r.
12
Suppose -4*r = r - 100. Let m(d) = -d**3 + 9*d**2 - 2*d + 10. Calculate the remainder when m(8) is divided by r.
18
Let c = 10 - 4. Suppose -2*b = -3*i + 23, i - b = -3*i + 34. Calculate the remainder when i is divided by c.
3
Let i(z) = -z**2 - 11*z + 9. What is the remainder when 34 is divided by i(-11)?
7
Let y(g) = g**2 + 3*g - 3. Let d be ((-6)/10)/((-4)/20). Calculate the remainder when 59 is divided by y(d).
14
Let p(a) = a**3 - 7*a**2 - 8*a + 15. What is the remainder when -3 + 58 - (-3 - 0) is divided by p(8)?
13
Let y(h) = h**3 - h**2 + h - 3. Suppose 0 = -3*n + 3*o + 15, -n - 2*o = -2*n + 7. What is the remainder when y(n) is divided by 10?
8
Suppose -3*p + p = -62. Let d(w) = w**2 + 3*w + 1. Let j be d(-1). Let t = 12 + j. What is the remainder when p is divided by t?
9
Let c = -7 + 5. Calculate the remainder when 1/c - (-302)/4 is divided by 26.
23
Let j(c) = -c**2 - 7*c - 3. Let h(v) be the third derivative of -5*v**4/24 - v**3/6 - 2*v**2. Let l be h(1). Calculate the remainder when 7 is divided by j(l).
1
Let x = -3 + 7. What is the remainder when 7/x - (-2)/8 is divided by -5*(16/(-100))/((-4)/(-10))?
0
Suppose -2*k = 2*c - 0*c - 26, -32 = -2*k + 4*c. What is the remainder when k is divided by 5?
4
Let d be (-84)/(-22) + 2/11. Suppose d + 12 = -4*h. Calculate the remainder when 12 + (h - (-2 - 0)) is divided by 6.
4
Let p = -170 - -183. Suppose 5*y + j - 254 = 0, 2*y - 5*y - j = -154. What is the remainder when y is divided by p?
11
Let b(j) = j + 11. Calculate the remainder when 2/(-3) + (-42)/(-9) is divided by b(-9).
0
Suppose 4*c + 4 + 8 = 2*i, 4*i - 2 = -3*c. Suppose 2*z - 40 = -i*z. What is the remainder when 18 is divided by z?
8
Let s(d) = 78*d - 3*d**3 + 4*d**2 - 5 - 70*d + 2*d**3. Calculate the remainder when (-1 - -4)*(-6)/(-1) is divided by s(5).
8
Suppose -3*o = 3*z + o - 146, -4*o = -5*z + 222. Suppose 6*h - h + 80 = 0. What is the remainder when z is divided by h/((-3 + 4)*-1)?
14
What is the remainder when (-1 - (-36)/1) + (19 - 21) is divided by 17?
16
Let k = -50 + 58. What is the remainder when 12 is divided by k?
4
Suppose 3*s - 7*s + 20 = 0. Let n = 8 + -4. Calculate the remainder when 2/(((-2)/(-2))/n) is divided by s.
3
Let t(q) = -q**3 + 9*q**2 - 11*q + 4. What is the remainder when 121 is divided by t(7)?
21
Suppose -4 - 14 = -3*l. What is the remainder when 21 is divided by l?
3
Let h(w) = 8*w + 2. Let u(q) = -q**2 - 7*q - 6. Let b be u(-5). Calculate the remainder when h(b) is divided by 12.
10
Suppose -4*h = 4*z - 28, 3*h + 5*z - 26 = -h. Let q = 20 - 11. Let a = h + q. What is the remainder when 35 is divided by a?
17
Let d(c) = -c**3 - 15*c**2 - c - 3. What is the remainder when 20 is divided by d(-15)?
8
Let l = 488 - 250. What is the remainder when l is divided by 40?
38
Let o = 39 - 14. Let l = -216 - -315. Calculate the remainder when l is divided by o.
24
Let c = 7 + -10. Calculate the remainder when (-26 + 0)*c/6 is divided by (2/(-3))/((-4)/30).
3
Let l = -15 - 108. Let n be ((-1)/2)/((-2)/(-4)). Calculate the remainder when 40 is divided by n/(-3) + l/(-9).
12
Let h(s) = 6*s - 4. Let x(q) = -q + 1. Let d be x(4). Let j be h(d). Let a = 59 + j. Calculate the remainder when a is divided by 13.
11
Calculate the remainder when -6*3/(-6)*86/3 is divided by 18.
14
Let d = 13 + 23. Calculate the remainder when 214 is divided by d.
34
Suppose 2*w + 4 = -8. Let h(n) = -n**2 - 6*n + 3. Let f be h(w). What is the remainder when 11 is divided by ((-3)/f - -3) + 2?
3
Suppose 4*p = 3*s - 6*s - 199, 2*s + 247 = -5*p. Let j = p - -87. Let h = 39 + -19. Calculate the remainder when j is divided by h.
18
What is the remainder when 17 is divided by 3 + 0 + (-8)/4 + 5?
5
Suppose 0 = -a + 2*a. Suppose 3*u - 10 - 5 = a. Suppose -5*w - u = -55. What is the remainder when 28 is divided by w?
8
Let t(c) = -21*c - 1. Let l be t(1). Let w = l + 63. Calculate the remainder when w is divided by 22.
19
Suppose -3*r - 4 = r, -r + 63 = 4*u. Suppose 290 = 7*c + 73. What is the remainder when c is divided by u?
15
Suppose 88 = -3*g + 34. What is the remainder when 20 is divided by (-3)/6*g - 2?
6
Let j = 23 + -20. What is the remainder when j is divided by 1?
0
Let a = 172 + -113. What is the remainder when a is divided by 31?
28
Suppose -w + 36 = 3*w. Let r = -5 + 5. Suppose -o - 4 = r, z - 19 = -6*o + 2*o. Calculate the remainder when z is divided by w.
8
Let a(w) = w**3 + w**2 - 1. Let u(s) = 5*s**3 + 11*s**2 - 10*s - 6. Let q(d) = -4*a(d) + u(d). What is the remainder when 54 is divided by q(-8)?
12
Let r = 19 - -86. Suppose -2*w + 7*w = r. What is the remainder when w is divided by 11 - (1/(-4) + (-39)/52)?
9
Suppose -3*f + 57 + 21 = 0. Let q = -14 + f. Calculate the remainder when 35 is divided by q.
11
Let g = 22 - 40. Calculate the remainder when (1 + -2*1)*g is divided by 7.
4
Let k(s) = 17*s + 4. Let j(m) = 2*m - 7. Let v be j(5). Suppose -103 = -5*g - v. Calculate the remainder when k(2) is divided by g.
18
Let v = -8 + 1. What is the remainder when 25 is divided by 1/((-2)/v)*2?
4
Let g(s) = -s**3 - 2*s**2 - 3*s - 3. Suppose -3*c + 6*c = -12. Calculate the remainder when g(c) is divided by 14.
13
Let r(q) = 9*q + 1 + 5 - 2*q**2 + q**2. Let v = 21 - 13. Calculate the remainder when 26 is divided by r(v).
12
Let x(o) = 3*o**2 - 10*o. What is the remainder when 86 is divided by x(4)?
6
Suppose -10 = 5*n, f - 4*n = -0*f + 23. Calculate the remainder when 2 is divided by (-6)/f*(-10)/4.
0
Suppose -2*k = k + 6. Suppose -3*a = a + 8. What is the remainder when 34 is divided by a*k/4 + 11?
10
Let q = 56 + 30. Let w = q - 35. What is the remainder when w is divided by 13?
12
Suppose -2*m + 122 = -46. Calculate the remainder when m is divided by 26.
6
Let c(k) = -1. Let w(a) = -11*a + 2. Let m(j) = -c(j) - w(j). Let f be m(3). What is the remainder when f/18 - 10/(-45) is divided by 2?
0
Let b(l) = -9*l - 14. Calculate the remainder when 15 is divided by b(-2).
3
Let p(w) = -2*w - 37. What is the remainder when 31 is divided by p(-28)?
12
Let s be 1*(-2)/1 + 6. Suppose -2*i = -s*i + 10. Suppose 3*r - 12 = 0, -f = 3*r - 9 - 12. Calculate the remainder when f is divided by i.
4
Let f = -70 - -104. Calculate the remainder when f is divided by 9.
7
Let a(b) = b**2 + b + 1. Suppose -3*y = 2*c - 0*y + 8, 0 = -2*c + y. Let l = 2 - 1. What is the remainder when l is divided by a(c)?
0
Suppose 2*s + 11 = -4*c + 61, -c + 4*s + 35 = 0. Calcu